ine g(6).
2
Let n(p) = -11*p - 269. What is n(-25)?
6
Let u(g) = g**3 + 53*g**2 + 50*g - 139. Calculate u(-52).
-35
Let s(h) = 700*h + 7707. Give s(-11).
7
Let g(y) = 4*y + 142. Give g(-10).
102
Let p(f) = -f**2 + 120. What is p(10)?
20
Let o(p) = 64*p + 431. Give o(-6).
47
Let f(g) = -g**2 + 2027*g + 6087. Give f(-3).
-3
Let f(m) = -3*m**3 + 223*m**2 - 73*m - 71. Calculate f(74).
3
Let h(t) = -408*t + 747. What is h(2)?
-69
Let c(o) = 84*o**3 - 316*o**2 - 9*o - 4. Give c(4).
280
Let k(a) = 236*a**3 + 3*a**2 + a - 2. Determine k(-1).
-236
Let x(p) = -2*p**2 + 104*p + 161. Determine x(53).
55
Let q(i) = i**3 - 14*i**2 - 510*i + 6393. Determine q(12).
-15
Let b(m) = 36*m + 2715. Give b(-76).
-21
Let t(f) = 34*f + 549. Calculate t(-16).
5
Let l(j) = 8*j**2 + j - 3. Give l(4).
129
Let j(r) = -3*r + 1072. What is j(96)?
784
Let d(n) = -n**3 - 15*n**2 - 39*n - 3. Determine d(-12).
33
Let s(d) = -2*d**2 + 98*d - 726. What is s(40)?
-6
Let n(a) = a**3 - 25*a**2 - 49*a - 74. What is n(27)?
61
Let f(u) = -u**2 + 16*u + 57. Determine f(18).
21
Let r(d) = -940*d - 5639. Calculate r(-6).
1
Let s(i) = -i**3 + 46*i**2 + 49*i - 95. Calculate s(47).
-1
Let s(r) = 69*r - 5467. Give s(79).
-16
Let p(r) = r**2 - 177*r - 92967. What is p(406)?
7
Let d(p) = 3*p**3 + 2*p**2 - 13*p - 44. Calculate d(-3).
-68
Let o(m) = 12*m + 71. Determine o(5).
131
Let k(f) = f**2 + 8*f - 467. Determine k(-22).
-159
Let p(w) = -13920*w + 41755. Calculate p(3).
-5
Let n(p) = 3*p**3 + 2*p**2 + 5*p + 4. Calculate n(-1).
-2
Let k(q) = q**2 + 4*q + 6. Give k(-2).
2
Let v(l) = l**2 + 116*l + 2703. Calculate v(-32).
15
Let j(a) = -52*a - 140. Give j(-2).
-36
Let x(k) = k**3 - 16*k**2 + 5*k + 1. Calculate x(16).
81
Let m(j) = 12*j**2 + 142*j - 123. Determine m(-15).
447
Let c(u) = -u**2 + 88*u - 1018. Determine c(14).
18
Let w(m) = 72*m - 187. Calculate w(3).
29
Let z(b) = -4*b**2 - 2404*b + 2404. Calculate z(1).
-4
Let n(i) = -2*i**3 - 8*i**2 + 102*i + 473. Give n(-5).
13
Let z(o) = 5*o**3 - 117*o**2 + 255*o - 67. What is z(21)?
-4
Let y(a) = 2*a**2 - 77*a + 364. What is y(33)?
1
Let h(j) = -6*j**2 - 176*j + 207. Give h(-30).
87
Let r(v) = 11*v - 177. Determine r(18).
21
Let d(z) = -7*z**2 - 1323*z + 11023. Calculate d(-197).
-9
Let i(t) = t**2 + 27*t + 17. What is i(-12)?
-163
Let b(w) = -162*w**2 - 621*w - 3. Determine b(-3).
402
Let t(v) = 10*v**3 - v**2 - 4*v + 4. Give t(1).
9
Let v(c) = -c**2 + 21*c - 29. Determine v(23).
-75
Let n(w) = 592*w + 84055. Calculate n(-142).
-9
Let s(a) = -a**3 - 52*a**2 - 660*a - 56. Give s(-31).
223
Let h(a) = 396*a**3 + a**2 + 43*a - 43. Calculate h(1).
397
Let j(k) = 3*k**2 + 285*k + 320. What is j(-94)?
38
Let h(k) = 11*k**2 - 718*k - 452. Calculate h(66).
76
Let t(l) = -37*l**3 - 95*l**2 + 106*l - 11. Determine t(1).
-37
Let m(a) = 3*a**2 - 46*a - 218. Calculate m(-4).
14
Let b(r) = -r**3 - 7*r**2 - 74*r - 512. Give b(-7).
6
Let a(g) = 3*g**2 - 36*g + 448. Determine a(17).
703
Let v(q) = -q**2 - 497*q - 4881. Calculate v(-10).
-11
Let t(l) = -5*l**2 - 28*l - 139. What is t(-5)?
-124
Let j(z) = -z**3 - 74*z**2 - 1079*z - 8. Give j(-54).
-62
Let m(j) = -15*j + 498. Calculate m(32).
18
Let y(u) = 5*u**2 - 386*u + 163. Give y(76).
-293
Let q(h) = 6*h**2 - 6*h - 1. Give q(-3).
71
Let k(q) = q**2 - 11*q - 31. What is k(16)?
49
Let m(v) = -534*v**2 - 18*v - 18. Determine m(-1).
-534
Let s(l) = -67*l + 5159. What is s(77)?
0
Let g(n) = -5*n**3 + 70*n**2 - 124*n + 35. What is g(12)?
-13
Let c(g) = 20*g**2 + 82*g - 15. Give c(-4).
-23
Let o(g) = -146*g - 733. What is o(-5)?
-3
Let q(y) = 2*y**3 - 8*y**2 + 242*y - 970. Give q(4).
-2
Let r(g) = g - 32. Calculate r(-15).
-47
Let k(t) = t**3 + 34*t**2 - 6*t + 2414. What is k(-36)?
38
Let f(r) = 5*r**2 - 112*r + 142. What is f(21)?
-5
Let y(m) = -m**3 - 15*m**2 - 43*m + 6. Give y(-11).
-5
Let a(q) = 26*q**2 - 1022*q - 1024. What is a(-1)?
24
Let d(l) = -23*l + 4169. What is d(181)?
6
Let m(d) = -d**3 - 21*d**2 + 202*d + 173. What is m(-28)?
5
Let b(i) = -138*i - 1225. Give b(-9).
17
Let p(d) = d**3 - 30*d**2 - 147*d + 357. Calculate p(34).
-17
Let v(o) = 32*o**2 + 1887*o - 60. Calculate v(-59).
-1
Let f(u) = -12*u**2 - 51*u - 18. What is f(5)?
-573
Let q(s) = -3712*s - 25966. Give q(-7).
18
Let u(c) = -124*c - 4324. What is u(-35)?
16
Let z(y) = -8*y + 835. Calculate z(100).
35
Let d(i) = 5*i**2 + 216*i - 611. Determine d(-47).
282
Let d(x) = -151*x + 681. What is d(5)?
-74
Let l(j) = -162*j + 474. What is l(3)?
-12
Let r(j) = -137*j - 3195. Calculate r(-23).
-44
Let y(s) = 85*s + 414. What is y(-5)?
-11
Let g(x) = x**2 - 108*x + 2926. Give g(55).
11
Let v(t) = -19*t + 327. Give v(17).
4
Let o(k) = 144*k - 1277. Determine o(9).
19
Let p(j) = -j**2 - 4*j + 107. Determine p(9).
-10
Let h(l) = 14*l - 548. What is h(38)?
-16
Let t(b) = 3011*b - 3010. Determine t(1).
1
Let b(l) = -l**3 - 25*l**2 + 51*l - 37. Give b(-26).
-687
Let i(b) = 6*b**3 + 8*b**2 + 67*b + 148. Determine i(-2).
-2
Let q(y) = 3*y**3 - 20*y**2 + 10*y - 93. What is q(7)?
26
Let y(g) = 871*g - 6985. Determine y(8).
-17
Let p(o) = -3*o**3 - 38*o**2 - 22*o + 5. Calculate p(-12).
-19
Let c(o) = -o**3 - 14*o**2 - 43*o - 220. What is c(-12)?
8
Let p(g) = 586*g - 77344. Give p(132).
8
Let s(o) = -o**2 + 11*o + 311. Give s(24).
-1
Let y(r) = -r**3 - 10*r**2 - 19*r - 10. Determine y(-6).
-40
Let n(m) = -m**2 + 70*m + 700. Give n(-9).
-11
Let w(f) = -f**2 + 140*f - 1492. Give w(14).
272
Let k(o) = -o**2 - 23*o - 36. Calculate k(-19).
40
Let q(z) = -4*z**3 - 27*z**2 - 12*z + 10. Determine q(-6).
-26
Let f(b) = -473*b**2 + 14*b + 1. What is f(1)?
-458
Let l(t) = 7*t**3 + 168*t**2 + 160*t - 29. Give l(-23).
-6
Let g(p) = -4*p**3 + 135*p**2 + 39*p - 83. Calculate g(34).
87
Let w(d) = 3*d**3 - d**2 + 9*d - 4. Calculate w(4).
208
Let s(m) = m**3 + 342*m**2 + 2016*m - 4. Calculate s(-6).
-4
Let x(n) = -117*n + 12166. Calculate x(105).
-119
Let r(s) = 5*s**3 - 13*s**2 + 37*s - 17. What is r(2)?
45
Let o(d) = -54*d + 88. Give o(4).
-128
Let b(h) = 2*h**3 + 165*h**2 + 1454*h + 43. Calculate b(-10).
3
Let q(b) = -24*b + 162. Determine q(6).
18
Let a(d) = d**3 + 3*d**2 - 66*d - 200. Calculate a(-3).
-2
Let p(x) = 509*x + 209705. Calculate p(-412).
-3
Let z(d) = 179*d - 2500. What is z(14)?
6
Let m(q) = q**3 - 4*q**2 - 7*q + 11. Calculate m(4).
-17
Let f(l) = -l**3 - 21*l**2 - 3*l - 64. Determine f(-21).
-1
Let p(r) = -11*r**2 - 1641*r - 333. Determine p(-149).
-35
Let k(l) = 8*l**2 + 9*l - 436. Calculate k(-9).
131
Let s(z) = -138*z + 10213. Give s(74).
1
Let y(r) = 2*r**2 - 36*r - 560. Determine y(-10).
0
Let s(g) = -8*g + 1. What is s(6)?
-47
Let z(i) = -210*i + 4585. Determine z(22).
-35
Let s(r) = -r**2 + 44*r - 353. What is s(33)?
10
Let b(m) = -87*m**2 - 17*m + 10. What is b(3)?
-824
Let w(o) = o**3 + 16*o**2 - 3*o + 39. Give w(-16).
87
Let m(h) = 7*h - 93. Give m(9).
-30
Let m(g) = -g**3 + 4*g**2 + g - 16. What is m(4)?
-12
Let y(v) = -4*v**2 + 2*v + 12. Give y(0).
12
Let v(f) = -157*f + 946. What is v(6)?
4
Let m(y) = 8*y**2 - 118*y - 4. Determine m(16).
156
Let r(g) = 3*g**2 - 120*g - 200. Determine r(42).
52
Let z(a) = -a**3 - 14*a**2 + 2*a + 24. Determine z(-14).
-4
Let i(z) = -31*z**3 - 2*z**2 + 7*z + 8. Calculate i(-1).
30
Let d(f) = -40*f**2 - 720*f + 59. What is d(-18)?
59
Let h(b) = 2*b**2 + 239*b - 5907. Determine h(21).
-6
Let b(s) = 80*s**2 + 27*s - 26. Calculate b(1).
81
Let y(r) = -3*r**3 - 12*r**2 + 17*r + 45. Give y(-5).
35
Let s(t) = 12*t**2 + 75*t - 76. Calculate s(1).
11
Let h(o) = -449*o - 6281. Give h(-14).
5
Let w(q) = q**3 + 13*q**2 + 16*q - 29. Give w(-13).
-237
Let o(h) = 4*h**2 - 166*h - 427. What is o(44)?
13
Let j(m) = -m**2 + 10*m + 113. Give j(17).
-6
Let x(k) = k**2 + 22*k - 214. Determine x(-29).
-11
Let z(w) = -w**2 - 17*w - 104. Calculate z(-9).
-32
Let k(v) = -39*v - 5599. Calculate k(-144).
17
Let w(f) = -8*f**2 + f - 3. What is w(-4)?
-135
Let p(x) = 12*x + 28. Calculate p(1).
40
Let o(b) = 883*b + 4462. Give o(-5).
47
Let g(s) = s**3 + 14*s**2 + 40*s - 41. Give g(-9).
4
Let v(z) = -z**2 + 157*z - 1236. Determine v(146).
370
Let h(p) = p**2 + 28*p + 21. Give h(-12).
-171
Let g(t) = 2360*t - 16527. Calculate g(7).
-7
Let d(m) = -145*m + 343. Determine d(2).
53
Let f(n) = -38*n - 600. Determine f(-16).
8
Let n(h) = -h**3 + 4*h